{"id":715,"date":"2021-02-06T16:45:27","date_gmt":"2021-02-06T15:45:27","guid":{"rendered":"https:\/\/la-grange-aux-saveurs.com\/?post_type=product&#038;p=715"},"modified":"2024-03-06T09:20:17","modified_gmt":"2024-03-06T08:20:17","slug":"notre-plat-du-jour","status":"publish","type":"product","link":"https:\/\/la-grange-aux-saveurs.com\/index.php\/produit\/notre-plat-du-jour\/","title":{"rendered":"Plat du jour"},"content":{"rendered":"<p>Mercredi 6 Mars : Fondant de b\u0153uf brais\u00e9, mousseline de pommes de terre<\/p>\n<p>jeudi 7 Mars : Filet de Brosme, risotto aux oignons nouveaux et jus au chorizo<\/p>\n<p>Vendredi 8 Mars : Escalope de dinde \u00e0 la Milanaise, linguini persill\u00e9es et beurre de tomate<\/p>\n<p>Lundi 11 Mars : B\u0153uf bourguignon du Chef et riz parfum\u00e9<\/p>\n<p>Mardi 12 Mars : Supr\u00eame de poulet r\u00f4ti, mousseline de pommes de terre au parmesan, jus au thym<\/p>\n<p>Mercredi 13 Mars : Travers de porc confits fa\u00e7on barbecue et haricots tomates<\/p>\n<p>Plat du jour \u00e0 emporter, uniquement du lundi au vendredi sauf jour f\u00e9ri\u00e9.<\/p>\n<p>A commander avant 11h00 pour le jour m\u00eame, ou la veille pour le lendemain<\/p>\n<p>Les menus peuvent varier en fonction des arrivages et des ruptures car nous travaillons des produits frais<\/p>\n<p>Merci de votre compr\u00e9hension<\/p>\n<p>Notre boulangerie artisanale est ouverte de 6h30 \u00e0 19h du lundi au vendredi<\/p>\n<p>*Photo non contractuelle.<\/p>\n","protected":false},"excerpt":{"rendered":"<p>Mercredi 6 Mars : Fondant de b\u0153uf brais\u00e9, mousseline de pommes de terre jeudi 7 Mars : Filet de Brosme, risotto aux oignons nouveaux et jus au chorizo Vendredi 8 Mars : Escalope de dinde \u00e0 la Milanaise, linguini persill\u00e9es et beurre de tomate Lundi 11 Mars : B\u0153uf bourguignon du Chef et riz parfum\u00e9<br \/><a class=\"moretag\" href=\"https:\/\/la-grange-aux-saveurs.com\/index.php\/produit\/notre-plat-du-jour\/\">+ Lire Plus<\/a><\/p>\n","protected":false},"featured_media":436,"template":"","meta":[],"product_cat":[35],"product_tag":[],"yoast_head":"<!-- This site is optimized with the Yoast SEO plugin v19.7.1 - https:\/\/yoast.com\/wordpress\/plugins\/seo\/ -->\n<title>Plat du jour - La Grange Aux Saveurs<\/title>\n<meta name=\"robots\" content=\"index, follow, max-snippet:-1, max-image-preview:large, max-video-preview:-1\" \/>\n<link rel=\"canonical\" href=\"https:\/\/la-grange-aux-saveurs.com\/index.php\/produit\/notre-plat-du-jour\/\" \/>\n<meta property=\"og:locale\" content=\"fr_FR\" \/>\n<meta property=\"og:type\" content=\"article\" \/>\n<meta property=\"og:title\" content=\"Plat du jour - La Grange Aux Saveurs\" \/>\n<meta property=\"og:description\" content=\"Mercredi 6 Mars : Fondant de b\u0153uf brais\u00e9, mousseline de pommes de terre jeudi 7 Mars : Filet de Brosme, risotto aux oignons nouveaux et jus au chorizo Vendredi 8 Mars : Escalope de dinde \u00e0 la Milanaise, linguini persill\u00e9es et beurre de tomate Lundi 11 Mars : B\u0153uf bourguignon du Chef et riz parfum\u00e9+ Lire Plus\" \/>\n<meta property=\"og:url\" content=\"https:\/\/la-grange-aux-saveurs.com\/index.php\/produit\/notre-plat-du-jour\/\" \/>\n<meta property=\"og:site_name\" content=\"La Grange Aux Saveurs\" \/>\n<meta property=\"article:modified_time\" content=\"2024-03-06T08:20:17+00:00\" \/>\n<meta property=\"og:image\" content=\"https:\/\/i0.wp.com\/la-grange-aux-saveurs.com\/wp-content\/uploads\/2020\/06\/poulet-au-four-au-citron-recette-antillaise-creole-martinique-e1612624235569.jpg?fit=640%2C424&ssl=1\" \/>\n\t<meta property=\"og:image:width\" content=\"640\" \/>\n\t<meta property=\"og:image:height\" content=\"424\" \/>\n\t<meta property=\"og:image:type\" content=\"image\/jpeg\" \/>\n<meta name=\"twitter:card\" content=\"summary_large_image\" \/>\n<meta name=\"twitter:label1\" content=\"Dur\u00e9e de lecture estim\u00e9e\" \/>\n\t<meta name=\"twitter:data1\" content=\"1 minute\" \/>\n<script type=\"application\/ld+json\" class=\"yoast-schema-graph\">{\"@context\":\"https:\/\/schema.org\",\"@graph\":[{\"@type\":\"WebPage\",\"@id\":\"https:\/\/la-grange-aux-saveurs.com\/index.php\/produit\/notre-plat-du-jour\/\",\"url\":\"https:\/\/la-grange-aux-saveurs.com\/index.php\/produit\/notre-plat-du-jour\/\",\"name\":\"Plat du jour - La Grange Aux Saveurs\",\"isPartOf\":{\"@id\":\"https:\/\/la-grange-aux-saveurs.com\/#website\"},\"datePublished\":\"2021-02-06T15:45:27+00:00\",\"dateModified\":\"2024-03-06T08:20:17+00:00\",\"breadcrumb\":{\"@id\":\"https:\/\/la-grange-aux-saveurs.com\/index.php\/produit\/notre-plat-du-jour\/#breadcrumb\"},\"inLanguage\":\"fr-FR\",\"potentialAction\":[{\"@type\":\"ReadAction\",\"target\":[\"https:\/\/la-grange-aux-saveurs.com\/index.php\/produit\/notre-plat-du-jour\/\"]}]},{\"@type\":\"BreadcrumbList\",\"@id\":\"https:\/\/la-grange-aux-saveurs.com\/index.php\/produit\/notre-plat-du-jour\/#breadcrumb\",\"itemListElement\":[{\"@type\":\"ListItem\",\"position\":1,\"name\":\"Accueil\",\"item\":\"https:\/\/la-grange-aux-saveurs.com\/\"},{\"@type\":\"ListItem\",\"position\":2,\"name\":\"Boutique\",\"item\":\"https:\/\/la-grange-aux-saveurs.com\/index.php\/boutique\/\"},{\"@type\":\"ListItem\",\"position\":3,\"name\":\"Plat du jour\"}]},{\"@type\":\"WebSite\",\"@id\":\"https:\/\/la-grange-aux-saveurs.com\/#website\",\"url\":\"https:\/\/la-grange-aux-saveurs.com\/\",\"name\":\"La Grange Aux Saveurs\",\"description\":\"\",\"potentialAction\":[{\"@type\":\"SearchAction\",\"target\":{\"@type\":\"EntryPoint\",\"urlTemplate\":\"https:\/\/la-grange-aux-saveurs.com\/?s={search_term_string}\"},\"query-input\":\"required name=search_term_string\"}],\"inLanguage\":\"fr-FR\"}]}<\/script>\n<!-- \/ Yoast SEO plugin. -->","yoast_head_json":{"title":"Plat du jour - La Grange Aux Saveurs","robots":{"index":"index","follow":"follow","max-snippet":"max-snippet:-1","max-image-preview":"max-image-preview:large","max-video-preview":"max-video-preview:-1"},"canonical":"https:\/\/la-grange-aux-saveurs.com\/index.php\/produit\/notre-plat-du-jour\/","og_locale":"fr_FR","og_type":"article","og_title":"Plat du jour - La Grange Aux Saveurs","og_description":"Mercredi 6 Mars : Fondant de b\u0153uf brais\u00e9, mousseline de pommes de terre jeudi 7 Mars : Filet de Brosme, risotto aux oignons nouveaux et jus au chorizo Vendredi 8 Mars : Escalope de dinde \u00e0 la Milanaise, linguini persill\u00e9es et beurre de tomate Lundi 11 Mars : B\u0153uf bourguignon du Chef et riz parfum\u00e9+ Lire Plus","og_url":"https:\/\/la-grange-aux-saveurs.com\/index.php\/produit\/notre-plat-du-jour\/","og_site_name":"La Grange Aux Saveurs","article_modified_time":"2024-03-06T08:20:17+00:00","og_image":[{"width":640,"height":424,"url":"https:\/\/i0.wp.com\/la-grange-aux-saveurs.com\/wp-content\/uploads\/2020\/06\/poulet-au-four-au-citron-recette-antillaise-creole-martinique-e1612624235569.jpg?fit=640%2C424&ssl=1","type":"image\/jpeg"}],"twitter_card":"summary_large_image","twitter_misc":{"Dur\u00e9e de lecture estim\u00e9e":"1 minute"},"schema":{"@context":"https:\/\/schema.org","@graph":[{"@type":"WebPage","@id":"https:\/\/la-grange-aux-saveurs.com\/index.php\/produit\/notre-plat-du-jour\/","url":"https:\/\/la-grange-aux-saveurs.com\/index.php\/produit\/notre-plat-du-jour\/","name":"Plat du jour - La Grange Aux Saveurs","isPartOf":{"@id":"https:\/\/la-grange-aux-saveurs.com\/#website"},"datePublished":"2021-02-06T15:45:27+00:00","dateModified":"2024-03-06T08:20:17+00:00","breadcrumb":{"@id":"https:\/\/la-grange-aux-saveurs.com\/index.php\/produit\/notre-plat-du-jour\/#breadcrumb"},"inLanguage":"fr-FR","potentialAction":[{"@type":"ReadAction","target":["https:\/\/la-grange-aux-saveurs.com\/index.php\/produit\/notre-plat-du-jour\/"]}]},{"@type":"BreadcrumbList","@id":"https:\/\/la-grange-aux-saveurs.com\/index.php\/produit\/notre-plat-du-jour\/#breadcrumb","itemListElement":[{"@type":"ListItem","position":1,"name":"Accueil","item":"https:\/\/la-grange-aux-saveurs.com\/"},{"@type":"ListItem","position":2,"name":"Boutique","item":"https:\/\/la-grange-aux-saveurs.com\/index.php\/boutique\/"},{"@type":"ListItem","position":3,"name":"Plat du jour"}]},{"@type":"WebSite","@id":"https:\/\/la-grange-aux-saveurs.com\/#website","url":"https:\/\/la-grange-aux-saveurs.com\/","name":"La Grange Aux Saveurs","description":"","potentialAction":[{"@type":"SearchAction","target":{"@type":"EntryPoint","urlTemplate":"https:\/\/la-grange-aux-saveurs.com\/?s={search_term_string}"},"query-input":"required name=search_term_string"}],"inLanguage":"fr-FR"}]}},"_links":{"self":[{"href":"https:\/\/la-grange-aux-saveurs.com\/index.php\/wp-json\/wp\/v2\/product\/715"}],"collection":[{"href":"https:\/\/la-grange-aux-saveurs.com\/index.php\/wp-json\/wp\/v2\/product"}],"about":[{"href":"https:\/\/la-grange-aux-saveurs.com\/index.php\/wp-json\/wp\/v2\/types\/product"}],"wp:featuredmedia":[{"embeddable":true,"href":"https:\/\/la-grange-aux-saveurs.com\/index.php\/wp-json\/wp\/v2\/media\/436"}],"wp:attachment":[{"href":"https:\/\/la-grange-aux-saveurs.com\/index.php\/wp-json\/wp\/v2\/media?parent=715"}],"wp:term":[{"taxonomy":"product_cat","embeddable":true,"href":"https:\/\/la-grange-aux-saveurs.com\/index.php\/wp-json\/wp\/v2\/product_cat?post=715"},{"taxonomy":"product_tag","embeddable":true,"href":"https:\/\/la-grange-aux-saveurs.com\/index.php\/wp-json\/wp\/v2\/product_tag?post=715"}],"curies":[{"name":"wp","href":"https:\/\/api.w.org\/{rel}","templated":true}]}}

<p>Mercredi 6 Mars : Fondant de bœuf braisé, mousseline de pommes de terre</p>
<p>jeudi 7 Mars : Filet de Brosme, risotto aux oignons nouveaux et jus au chorizo</p>
<p>Vendredi 8 Mars : Escalope de dinde à la Milanaise, linguini persillées et beurre de tomate</p>
<p>Lundi 11 Mars : Bœuf bourguignon du Chef et riz parfumé</p>
<p>Mardi 12 Mars : Suprême de poulet rôti, mousseline de pommes de terre au parmesan, jus au thym</p>
<p>Mercredi 13 Mars : Travers de porc confits façon barbecue et haricots tomates</p>
<p>Plat du jour à emporter, uniquement du lundi au vendredi sauf jour férié.</p>
<p>A commander avant 11h00 pour le jour même, ou la veille pour le lendemain</p>
<p>Les menus peuvent varier en fonction des arrivages et des ruptures car nous travaillons des produits frais</p>
<p>Merci de votre compréhension</p>
<p>Notre boulangerie artisanale est ouverte de 6h30 à 19h du lundi au vendredi</p>
<p>*Photo non contractuelle.</p>

<p>Mercredi 6 Mars : Fondant de bœuf braisé, mousseline de pommes de terre jeudi 7 Mars : Filet de Brosme, risotto aux oignons nouveaux et jus au chorizo Vendredi 8 Mars : Escalope de dinde à la Milanaise, linguini persillées et beurre de tomate Lundi 11 Mars : Bœuf bourguignon du Chef et riz parfumé<br /><a class="moretag" href="https://la-grange-aux-saveurs.com/index.php/produit/notre-plat-du-jour/">+ Lire Plus</a></p>

<!-- This site is optimized with the Yoast SEO plugin v19.7.1 - https://yoast.com/wordpress/plugins/seo/ -->
<title>Plat du jour - La Grange Aux Saveurs</title>
<meta name="robots" content="index, follow, max-snippet:-1, max-image-preview:large, max-video-preview:-1" />
<link rel="canonical" href="https://la-grange-aux-saveurs.com/index.php/produit/notre-plat-du-jour/" />
<meta property="og:locale" content="fr_FR" />
<meta property="og:type" content="article" />
<meta property="og:title" content="Plat du jour - La Grange Aux Saveurs" />
<meta property="og:description" content="Mercredi 6 Mars : Fondant de bœuf braisé, mousseline de pommes de terre jeudi 7 Mars : Filet de Brosme, risotto aux oignons nouveaux et jus au chorizo Vendredi 8 Mars : Escalope de dinde à la Milanaise, linguini persillées et beurre de tomate Lundi 11 Mars : Bœuf bourguignon du Chef et riz parfumé+ Lire Plus" />
<meta property="og:url" content="https://la-grange-aux-saveurs.com/index.php/produit/notre-plat-du-jour/" />
<meta property="og:site_name" content="La Grange Aux Saveurs" />
<meta property="article:modified_time" content="2024-03-06T08:20:17+00:00" />
<meta property="og:image" content="https://i0.wp.com/la-grange-aux-saveurs.com/wp-content/uploads/2020/06/poulet-au-four-au-citron-recette-antillaise-creole-martinique-e1612624235569.jpg?fit=640%2C424&ssl=1" />
	<meta property="og:image:width" content="640" />
	<meta property="og:image:height" content="424" />
	<meta property="og:image:type" content="image/jpeg" />
<meta name="twitter:card" content="summary_large_image" />
<meta name="twitter:label1" content="Durée de lecture estimée" />
	<meta name="twitter:data1" content="1 minute" />
<script type="application/ld+json" class="yoast-schema-graph">{"@context":"https://schema.org","@graph":[{"@type":"WebPage","@id":"https://la-grange-aux-saveurs.com/index.php/produit/notre-plat-du-jour/","url":"https://la-grange-aux-saveurs.com/index.php/produit/notre-plat-du-jour/","name":"Plat du jour - La Grange Aux Saveurs","isPartOf":{"@id":"https://la-grange-aux-saveurs.com/#website"},"datePublished":"2021-02-06T15:45:27+00:00","dateModified":"2024-03-06T08:20:17+00:00","breadcrumb":{"@id":"https://la-grange-aux-saveurs.com/index.php/produit/notre-plat-du-jour/#breadcrumb"},"inLanguage":"fr-FR","potentialAction":[{"@type":"ReadAction","target":["https://la-grange-aux-saveurs.com/index.php/produit/notre-plat-du-jour/"]}]},{"@type":"BreadcrumbList","@id":"https://la-grange-aux-saveurs.com/index.php/produit/notre-plat-du-jour/#breadcrumb","itemListElement":[{"@type":"ListItem","position":1,"name":"Accueil","item":"https://la-grange-aux-saveurs.com/"},{"@type":"ListItem","position":2,"name":"Boutique","item":"https://la-grange-aux-saveurs.com/index.php/boutique/"},{"@type":"ListItem","position":3,"name":"Plat du jour"}]},{"@type":"WebSite","@id":"https://la-grange-aux-saveurs.com/#website","url":"https://la-grange-aux-saveurs.com/","name":"La Grange Aux Saveurs","description":"","potentialAction":[{"@type":"SearchAction","target":{"@type":"EntryPoint","urlTemplate":"https://la-grange-aux-saveurs.com/?s={search_term_string}"},"query-input":"required name=search_term_string"}],"inLanguage":"fr-FR"}]}</script>
<!-- / Yoast SEO plugin. -->

Mercredi 6 Mars : Fondant de bœuf braisé, mousseline de pommes de terre jeudi 7 Mars : Filet de Brosme, risotto aux oignons nouveaux et jus au chorizo Vendredi 8 Mars : Escalope de dinde à la Milanaise, linguini persillées et beurre de tomate Lundi 11 Mars : Bœuf bourguignon du Chef et riz parfumé+ Lire Plus
